01022 (base 4) in base 16?
26304a
What is -2149861 (base 13) in base 12?
-349ba07
What is -1484220 (base 10) in base 8?
-5522674
Convert -103121222 (base 4) to base 14.
-20d62
What is 24041 (base 6) in base 16?
d99
12022020220 (base 3) to base 14
2a0b7
31142441 (base 6) to base 4
3123232321
What is 484719 (base 11) in base 5?
144030043
What is 595df1 (base 16) in base 11?
33402a1
446628 (base 10) to base 5
103243003
-12789a (base 12) to base 10
-303670
Convert -21054 (base 14) to base 4.
-103130202
What is 1839e (base 16) in base 5?
11133410
What is 36685 (base 11) in base 13?
1b000
What is 5113255 (base 6) in base 8?
732643
Convert -752716 (base 10) to base 8.
-2676114
-1321103 (base 7) to base 9
-283608
What is 12427c0 (base 13) in base 5?
2424024442
Convert -33b97b (base 12) to base 7.
-10022132
Convert 1098409 (base 10) to base 16.
10c2a9
Convert 110100111010100 (base 2) to base 7.
141662
Convert -1103434412 (base 5) to base 7.
-26306301
What is -324221 (base 6) in base 14?
-9b13
-1a0a14 (base 12) to base 5
-104121043
What is 53abe5 (base 15) in base 11?
2282150
-130322313 (base 4) to base 2
-11100111010110111
What is 37857 (base 12) in base 5?
4404043
Convert 2b1ce5 (base 16) to base 14.
537977
What is -3211355 (base 7) in base 6?
-12203112
Convert 82042 (base 10) to base 2.
10100000001111010
-a71046 (base 14) to base 15
-7690dd
112069 (base 15) to base 6
25301413
-11002140 (base 6) to base 4
-1033312230
-2111110032 (base 4) to base 3
-1011001221210
Convert -7bd8cc (base 14) to base 15.
-586bae
Convert dd02 (base 16) to base 7.
323644
What is a1c8e8 (base 15) in base 13?
1791a76
What is -51414030 (base 7) in base 14?
-801550
Convert -40b05 (base 13) to base 5.
-12203413
-12000001000210 (base 3) to base 4
-22020322203
Convert -4747b (base 14) to base 2.
-101010011011000101
What is 10234044 (base 5) in base 7?
510662
6724558 (base 9) to base 10
3618485
What is 58587 (base 11) in base 3?
11021222121
What is 2323230202 (base 4) in base 6?
24251134
124201 (base 14) to base 4
2120311221
Convert 12101212001121 (base 3) to base 6.
141310541
11110111011101100000 (base 2) to base 9
1814352
What is 76232 (base 9) in base 4?
30110330
What is 2da14 (base 15) in base 2?
100011111111000010
Convert -21100012122 (base 3) to base 13.
-509cc
11334410 (base 5) to base 14
2a6b3
Convert -885a (base 12) to base 4.
-3223012
-4b1a7 (base 14) to base 4
-230331333
Convert 241896 (base 10) to base 12.
b7ba0
What is -3197 (base 13) in base 9?
-10388
Convert 4073174 (base 8) to base 7.
12112335
-6301262 (base 9) to base 7
-40421366
-221c0 (base 14) to base 12
-3ba24
What is 10b5258 (base 13) in base 10?
5152376
1101210122011 (base 3) to base 5
142302133
Convert 139181 (base 12) to base 7.
2530603
What is 5066024 (base 7) in base 14?
11a54b
6043303 (base 7) to base 9
1312077
Convert 1521105 (base 6) to base 16.
15941
What is 6b37b0 (base 14) in base 9?
6786524
Convert -4b2a4 (base 14) to base 2.
-101101000001000000
-4604647 (base 10) to base 3
-22122221101111
Convert 301022002 (base 5) to base 4.
10202102022
What is 143021040 (base 5) in base 15?
ec980
128884 (base 13) to base 7
3542344
100011011100111010 (base 2) to base 11
9a10a
What is -146548 (base 11) in base 14?
-5d282
Convert -214410 (base 5) to base 11.
-5690
-422275 (base 9) to base 14
-67690
What is 120b4c2 (base 13) in base 16?
555d1c
What is -87435 (base 11) in base 13?
-45a39
What is 1ba766 (base 14) in base 16?
f1876
What is -15a6a0 (base 11) in base 3?
-110121202002
Convert -3bc4e (base 15) to base 9.
-322052
What is -754440 (base 13) in base 4?
-22133232030
What is 485713 (base 12) in base 15?
181dd9
What is 42430302 (base 7) in base 15?
4b2d00
What is -540124552 (base 6) in base 12?
-3236758
Convert 8238886 (base 9) to base 8.
20611533
Convert 177b59 (base 14) to base 7.
10016342
Convert -12b8674 (base 13) to base 4.
-112200332223
-4003021 (base 5) to base 3
-10012021010
Convert -147245 (base 8) to base 3.
-2200120022
-101100100101011011 (base 2) to base 8
-544533
Convert 12213404 (base 6) to base 5.
100002032
-1049c4 (base 13) to base 9
-641610
-1439688 (base 10) to base 12
-5951a0
What is b3483a (base 12) in base 6?
140101314
351425302 (base 6) to base 16
637d06
What is -1a30852 (base 11) in base 4?
-31010223023
Convert -4eb9f (base 16) to base 12.
-13673b
440270 (base 9) to base 11
16a387
45aa522 (base 12) to base 7
222004235
What is -818a332 (base 11) in base 13?
-2cc5903
44415555 (base 6) to base 3
2112002012222
What is 159b5 (base 14) in base 12?
2734b
What is -130321211313 (base 4) in base 13?
-17533c8
1528702 (base 10) to base 13
416a76
What is -447825 (base 11) in base 3?
-1100020011101
What is 1031300421 (base 5) in base 14?
4184b9
-83766 (base 13) to base 2
-111001101100111010
-7c5527 (base 13) to base 9
-5501568
What is 110302111 (base 4) in base 6?
1454101
-743366 (base 8) to base 4
-330123312
58081 (base 11) to base 9
137128
What is -12222408 (base 9) in base 13?
-13144b5
What is -112507 (base 8) in base 11?
-26791
What is -9089 (base 11) in base 2?
-10111100101100
-1a67a (base 12) to base 10
-38974
4a8c09 (base 14) to base 2
1001110000111100011001
What is -1003341 (base 8) in base 7?
-2146255
-201123111 (base 5) to base 15
-10c7db
Convert -31295 (base 10) to base 14.
-b595
What is -240a311 (base 11) in base 15?
-57eb26
Convert -11120110301 (base 4) to base 10.
-1410353
92382 (base 11) to base 6
2520244
Convert 304123 (base 6) to base 13.
b05b
16187357 (base 9) to base 13
18a2832
What is -2cbb67 (base 14) in base 5?
-400202241
Convert -1321102001 (base 4) to base 12.
-1bb595
Convert 455150 (base 7) to base 3.
11010011012
What is -d36 (base 15) in base 2?
-101110100000
What is -799239 (base 11) in base 9?
-2347014
What is 994461 (base 11) in base 2?
110000011011110011111
11110133213 (base 4) to base 16
1547e7
What is -a1a02 (base 12) in base 8?
-633142
825ca7 (base 13) to base 12
1027748
Convert -7e5ae5 (base 16) to base 2.
-11111100101101011100101
Convert -10015870 (base 9) to base 8.
-22223036
Convert 247743 (base 8) to base 9.
140851
What is -200434100 (base 5) in base 15?
-10ad6a
Convert 1010010100000001001011 (base 2) to base 11.
1587149
What is -149987 (base 11) in base 13?
-81c50
Convert 3733a5 (base 11) to base 9.
1088428
-1011100001011000101110 (base 2) to base 3
-12200110010020
What is -1011110010010011111 (base 2) in base 3?
-201121202222
Convert -7727837 (base 9) to base 7.
-50202640
What is -241557 (base 13) in base 10?
-859944
What is -1010011001010010 (base 2) in base 10?
-42578
245986 (base 12) to base 2
10010000001100110110
Convert -23453 (base 6) to base 14.
-1361
What is -7663c4 (base 13) in base 7?
-32444252
-2110432421 (base 5) to base 4
-100233231220
101112102101 (base 3) to base 2
110010100111101111
32a22 (base 14) to base 12
5b032
Convert 8011a (base 11) to base 6.
2302530
Convert -882b0 (base 13) to base 6.
-5141225
Convert -346596 (base 10) to base 4.
-1110213210
2b1c9 (base 15) to base 16
21e25
-1411114 (base 5) to base 11
-1a7a1
Convert 113130122 (base 4) to base 3.
11212201112
1001210011102 (base 3) to base 15
b2d02
19b6a6b (base 13) to base 6
502044350
-13202432 (base 5) to base 10
-131617
What is 36254505 (base 8) in base 16?
795945
Convert 5740832 (base 9) to base 11.
18261a1
What is -3041323 (base 5) in base 16?
-c1b4
What is -130230562 (base 7) in base 3?
-120120111021101
Convert 14e369 (base 16) to base 10.
1368937
What is 1054452 (base 11) in base 6?
103355423
Convert -210040 (base 5) to base 6.
-51531
What is -142213431 (base 5) in base 4?
-2311011231
Convert 12032032220 (base 4) to base 12.
667b48
Convert -20000202012 (base 3) to base 2.
-11100111101110011
-125034 (base 6) to base 5
-331340
-3b702 (base 12) to base 10
-82226
What is 4a4aac (base 14) in base 10?
2548544
Convert 102441 (base 10) to base 15.
20546
What is -37340 (base 13) in base 5?
-11222441
-194232 (base 10) to base 16
-2f6b8
-132003002 (base 4) to base 15
-266ee
What is -210101000222 (base 3) in base 13?
-119615
-36d2c (base 15) to base 14
-47b48
Convert -2231212010 (base 4) to base 10.
-711044
3554323 (base 8) to base 11
605046
-6243115 (base 10) to base 16
-5f432b
What is -213312112 (base 4) in base 2?
-100111110110010110
-371212 (base 12) to base 15
-129bd8
1cb91f (base 16) to 